*r, 8*r = -k + 1008 - 133. What is the remainder when k is divided by 218?
173
What is the remainder when 775 is divided by 123 + -112 - (-3)/(-1)*-2?
10
Let o = -320 + 315. What is the remainder when 56 is divided by -3*(o - 0/(-5))?
11
Let k = -530 - -525. Let f = 133 - k. What is the remainder when f is divided by 36?
30
Suppose 53*m + 384 = 77*m. What is the remainder when 2541 is divided by m?
13
Let o = -20108 + 20200. Let n(h) = 3*h + 7. What is the remainder when o is divided by n(4)?
16
Let k = 3175 + -2949. Calculate the remainder when k is divided by 48.
34
Let q be (2*(-14)/4)/1. Let p(c) = -13*c**2 - 23*c. Let v be p(1). Let s = q - v. What is the remainder when 173 is divided by s?
28
Let b(x) be the third derivative of 0 + 1/24*x**4 + 0*x + 7/3*x**3 + 12*x**2. What is the remainder when 41 is divided by b(8)?
19
Let v(l) = -3*l**2 - 16*l - 17. Let r(j) = 7*j**2 + 31*j + 33. Let y(h) = -2*r(h) - 5*v(h). Calculate the remainder when y(-23) is divided by 68.
66
Suppose 8*a - 18 = 982. Let i = a + -102. What is the remainder when 526 is divided by i?
20
Suppose 5*k - 80*v - 1845 = -76*v, 2*k = v + 735. What is the remainder when k is divided by 320?
45
Suppose 3*d - 4*x + 219 = 56, 3*d = -2*x - 139. Let o be ((-78)/(-91))/((-1)/d). Let i = o + -3. Calculate the remainder when i is divided by 14.
11
Let p(b) = -7 - 2228*b + 2221*b - 2*b**2 + 7*b**2. Let q be p(-1). Suppose 75 = 5*m - o - 0, -q*m + 4*o = -75. Calculate the remainder when 103 is divided by m.
13
Let i(w) = w**3 - 15*w**2 + 2*w + 2. Let g be i(16). Let d = g - 195. What is the remainder when d is divided by 32?
31
Let t = -54 - -210. Suppose 0 = -2*v - 4*m + 64, 0 = -4*v - 6*m + 5*m + t. What is the remainder when 199 is divided by v?
39
Let i = -587 - -941. Let g(f) = f**3 - 5*f**2 + f + 12. What is the remainder when i is divided by g(5)?
14
Let k = -116 - -167. Let i = k - 8. Let j(t) = t**3 - 17*t**2 - 20*t + 45. What is the remainder when i is divided by j(18)?
7
Calculate the remainder when 303 is divided by (107/(-2) + 2)*(-11)/44*8.
97
Suppose -33*i = -36*i. Suppose -5*m - 4*a = -0*a - 105, i = 4*m + 4*a - 88. Let h = 45 + -19. What is the remainder when h is divided by m?
9
Let s = 1313 + -1154. Calculate the remainder when 258 is divided by s.
99
Let m = 7 - 7. Let j = 26 + m. Let x(k) = 36*k + 225. What is the remainder when j is divided by x(-6)?
8
What is the remainder when 4547 is divided by 65195/1003*(1 - 0/2)?
62
Calculate the remainder when 506 is divided by ((-5)/(90/(-69)))/((-30)/(-360)).
0
Suppose 30*y = 32*y - 1372. Let q(i) = -i**3 + 20*i**2 - 82*i - 99. Calculate the remainder when y is divided by q(8).
10
Suppose b + 3*b - 4*g - 56 = 0, -4*g - 47 = -3*b. Let n(a) be the first derivative of -a**2/2 + 18*a + 42. What is the remainder when 42 is divided by n(b)?
6
Let c(j) = -j**3 + 30*j**2 - 4*j - 381. Calculate the remainder when c(29) is divided by 173.
171
Suppose 15*c - 67*c - 3*c + 550 = 0. Suppose -8*l = -0*l - 232. What is the remainder when l is divided by c?
9
Let o be 18/(-63) - (2 - 5492/14). Suppose -378*l - 3084 = -o*l. Calculate the remainder when l is divided by 37.
35
Let f = -11318 + 11521. Calculate the remainder when 3046 is divided by f.
1
Let b be (-40)/(-25) - (9/15 - 1). Let k be (b - (-6)/(-12))/(3/32). Calculate the remainder when 110 is divided by (2 + 4)/(6/k).
14
Let l = 453 - 214. Suppose l = -3*z + 1265. Calculate the remainder when z is divided by 49.
48
Suppose 5*a - 106 = -2*o - 14, 257 = 5*o - a. Let g(w) = 20*w**2 + 7*w + 6. Calculate the remainder when o is divided by g(-1).
13
Let t be (-4)/3 + 9 + (-1090)/(-30). Suppose -4*g - 10 = -2*j + 90, 4*g - t = -j. What is the remainder when 431 is divided by j?
47
Suppose 0 = -21*a + 91 + 350. Suppose 6*t - a = 5*t. What is the remainder when t is divided by 8?
5
Suppose 240 = m + 7*v - 4*v, 0 = -2*m + 5*v + 469. Let u = m + -73. Suppose 0*q + 165 = 5*q. What is the remainder when u is divided by q?
32
Let o(l) = l**3 + 13*l**2 - 12*l + 16. Suppose -v = 0, -4*s = -s - v + 42. Let x be o(s). What is the remainder when 138 is divided by x*(-5 - -1) + -1?
44
Suppose 75*d - 77*d - 4*q + 48 = 0, -3*d + 60 = 3*q. Calculate the remainder when 3997 is divided by d.
13
What is the remainder when 201 is divided by 79 + 12/(-24)*16?
59
Let a = -1494 - -1893. What is the remainder when a is divided by 48?
15
Let w be (-324)/(-30) + 3/15. Suppose j - 16 = -3*l, 5*j + 28 = 2*l - w. Suppose 7*f = 6*f + l. What is the remainder when f is divided by 2?
1
Let a = -2052 + 2828. Calculate the remainder when a is divided by 71.
66
Suppose -3*j + 2 = -4. Suppose -8*p - 5 = -285. What is the remainder when p is divided by j?
1
Let s = -5843 + 5866. Suppose 0 = 4*x + 77 + 83. What is the remainder when s is divided by x/(-4)*6/5?
11
Let l(v) = -5*v + 20. Let d = -96 + 99. Let h be l(d). Suppose -5*j = -10*j - 3*a + 120, -h*j = -3*a - 150. Calculate the remainder when 101 is divided by j.
20
Suppose 170*s - 162*s = 7880. Let c = -678 + s. Calculate the remainder when c is divided by 10.
7
Let l(x) = x**2 + 29*x + 17. Let t be l(-10). Let c = t - -293. What is the remainder when c is divided by (-4)/(-6)*(-693)/(-42)?
10
Let k(z) be the third derivative of -z**5/60 + 11*z**4/12 - 10*z**3/3 + 17*z**2. Calculate the remainder when k(20) is divided by 7.
6
Suppose 0 = -12*q + 84, -5*d + 1040 = 5*q - 10*q. Calculate the remainder when d is divided by 70.
5
Suppose 3*g + 95 - 487 = -2*w, -2*g - 5*w = -232. Calculate the remainder when 810 is divided by g.
130
Calculate the remainder when 668 is divided by (2715/(-10))/((-75)/50).
125
Let q = -274 + 276. Suppose -q*s + 308 = 9*s. What is the remainder when 82 is divided by s?
26
Suppose 25*s - 432 = -32. What is the remainder when 4413 is divided by s?
13
Suppose 0 = -4*l - 1 + 57. Let k = l - 9. Suppose 0*v + 264 = 4*v + o, -k*v + 330 = 5*o. Calculate the remainder when v is divided by 23.
20
Let z(w) = 37*w**2 + 301*w - 134. What is the remainder when 220 is divided by z(-9)?
66
Let m be -1 + (3 - 2)*4 - -2. Calculate the remainder when 63 + m/3 + (-72)/(-54) is divided by 12.
6
Suppose -2*c - c = -228. Suppose p = -3*t + 57, 3*t + t = -p + c. Suppose -57*l + 322 - 284 = 16*l - 473. Calculate the remainder when t is divided by l.
5
Let t = 7 - 3. Suppose t*g - 202 = -2*i, 5 = 2*i + 3*i. What is the remainder when g is divided by 18?
14
Let g(o) = -o - 39 - 3*o - 3*o + 3*o. Calculate the remainder when 34 is divided by g(-12).
7
Let f(z) = -43*z + 1. Let v be f(1). Suppose 5*w - 86 = 74. What is the remainder when (1 - -2) + 7/(v/(-348)) is divided by w?
29
Let q(t) = 5*t**2 - 21*t + 207. Calculate the remainder when q(7) is divided by 4.
1
Let d(a) = -a**2 + 8*a - 2. Let v be d(7). Suppose k = j + 27, 0*k + k - 27 = v*j. What is the remainder when (-2)/(4*(-2)/532) is divided by k?
25
Suppose 6696 = 221*b - 149*b. What is the remainder when 471 is divided by b?
6
Suppose 3*t = 6*t - 147. Let a = t + -33. What is the remainder when 2 is divided by ((-126)/168)/(0 + (-6)/a)?
0
Let c(p) = 2 - 2 - 4*p**2 - 1 + 25*p**2. What is the remainder when c(-1) is divided by -4*(5 - (-108)/(-16))?
6
Let x(l) = 408*l + 5739. Suppose -o + 16 = 3*o. Suppose -107 = -o*p - 43. What is the remainder when x(-14) is divided by p?
11
Let o(m) = 5 + 108*m**2 - 4 - 2 + 34*m**2. Let t be o(-1). Suppose 0 = -7*k + 4*k + t. Calculate the remainder when 92 is divided by k.
45
Suppose 61 = -8*b - 51. Calculate the remainder when 476/49*b/(-4) is divided by 12.
10
Let u = 51 - 213. Let z = u + 187. What is the remainder when z is divided by 1?
0
Let p be (1 - -163) + -9 + (1 - -4). Suppose 12*f + p = 17*f. Calculate the remainder when 127 is divided by f.
31
Suppose -c = 5*i - 779, 2*i = 2*c + 418 - 104. What is the remainder when i is divided by (28 - -3) + (-8 - -26) + -21?
16
Let q = 18 - -22. Suppose -5*h + p + 3*p = -84, -3*h + 46 = 2*p. Calculate the remainder when q is divided by h.
8
Suppose -4180 = -23*j + j. Suppose -20 = 5*n - j. What is the remainder when 93 is divided by n?
25
Let n = 49 + -41. Let w(y) = -9*y**2 - 4*y + 3*y**2 - 1 - y**2 + 8*y**2. Calculate the remainder when w(n) is divided by 12.
7
Suppose 2*m + 6 = 0, 0 = 5*p + 24*m - 22*m - 2509. Calcula